*2 - 32*i + 631. What are the prime factors of z(-25)?
13931
Let w(c) be the first derivative of 18*c**2 + 9*c + 1. Suppose 8 = l + 2*b - 7, 4*l - b - 6 = 0. List the prime factors of w(l).
3, 13
Let y be 1*0*3/12. Suppose -2*a + 604 = -4*g - 36, -4*g + 4 = y. List the prime factors of a.
2, 7, 23
Suppose 0 = 13679*r - 13669*r - 266700. List the prime factors of r.
2, 3, 5, 7, 127
Let j(r) = 2*r**2 - 3*r - 61. Let y(h) = 2*h**2 - 3*h - 62. Let q(s) = -4*j(s) + 3*y(s). What are the prime factors of q(0)?
2, 29
Let j(k) = 4*k**2 - k - 1. Let n be j(-1). Let v = -127 - -132. Suppose -v*t = n*b - 60, -t + 4*b + 52 = t. List the prime factors of t.
2
Suppose -3*a - 35 + 146 = 0. Let f = a - -179. List the prime factors of f.
2, 3
Suppose 0 = -5*m + 15, -j + 4*m + 3584 = 9*m. List the prime factors of j.
43, 83
Let q(h) = -h**3 + 8*h**2 - 3*h + 9. Let t(w) = -9*w**2 + 4*w - 9. Let s(u) = -4*q(u) - 3*t(u). What are the prime factors of s(5)?
2, 3, 61
Let y = -21654 - -32515. List the prime factors of y.
10861
Suppose 5*i - 484 = 4*v + i, 4*v + 480 = 5*i. Let h = v + 270. What are the prime factors of h?
5, 29
Let p = 45 - 92. Let s = 44 + p. List the prime factors of (522/(-54))/(1/s).
29
Suppose 38*q + 52*q - 6470384 + 2211404 = 0. What are the prime factors of q?
2, 3, 11, 239
Suppose 4*l - 55 = -5*m, m = -0*l + 4*l - 37. Let r be 48100/18 - ((-11)/(-9) - 1). Suppose l*p + r = 26*p. List the prime factors of p.
167
Let z be (-12)/54 + 195/27. Let j(x) = x + 19. What are the prime factors of j(z)?
2, 13
Let f be (-398)/(-5)*45/(-27)*3. Let j = f + 977. List the prime factors of j.
3, 193
Let q be 20/(-25)*30/(-4). Let b be 1/2*(-2)/(-1). List the prime factors of (-3)/q*(-158)/b.
79
Suppose -3*l = 5*t + 37, -1 = -l + 8*t - 3*t. List the prime factors of ((l - 1 - 1) + 6)*-70.
2, 5, 7
Let m be -566 - -2 - 96/(-24). Let f = 523 - m. What are the prime factors of f?
3, 19
Let s(t) = -227*t + 25. What are the prime factors of s(-15)?
2, 5, 7
Let z(j) = 5*j + j + 3 - 42*j**2 + 50*j**2 - j**3. List the prime factors of z(7).
2, 47
Let q = -68536 + 127205. What are the prime factors of q?
13, 4513
Let k be 1 + 1/(-1) + 2. Suppose k*u - 1146 = -s, u - 573 = -2*s + 3*s. What are the prime factors of u?
3, 191
Let f(g) = -g**3 + g**2 + 29*g + 7. Let l be f(0). Suppose -3*x = -l*x + 1504. What are the prime factors of x?
2, 47
Let d(g) = -g**2 + 17*g + 15. Let j be d(18). List the prime factors of (-21350)/(-55) - j/(66/(-4)).
2, 97
Let t(y) = y**2 + 9*y + 1. Suppose -17*l - 117 = -4*l. Let k be t(l). Let u(o) = 304*o + 1. List the prime factors of u(k).
5, 61
Suppose -2*r + 36816 = s, 3*r + 60116 + 50377 = 3*s. What are the prime factors of s?
2, 18413
Let q be ((-32)/56 - (-54)/(-28))*2. What are the prime factors of (-117)/q + (-40)/100?
23
List the prime factors of ((-37)/(-111))/(3 + (-873879)/291294).
2, 16183
Let z(h) = -h**3 - 3*h + 543. Let r be z(0). Let x = 816 - r. What are the prime factors of x?
3, 7, 13
Let s(v) = -v - 10. Let o be s(-4). List the prime factors of -3*8/o*3277/116.
113
Suppose -5*s + 856 = x + 13, 4*x = 2*s - 324. Suppose s = -3*y + 12. Let h = y - -109. What are the prime factors of h?
3, 19
Let o = -32574 + 59210. What are the prime factors of o?
2, 6659
Suppose 20 = -4*a, 4*a + 5638 = 10*m - 8*m. List the prime factors of m.
53
Let n = 4898 - -5196. List the prime factors of n.
2, 7, 103
What are the prime factors of (-5619)/(-4)*736/46*(-3)/(-6)?
2, 3, 1873
Let l(b) = b**2 - 3*b + 3. Let v be l(13). Let f = v - 66. Suppose k - f = 47. List the prime factors of k.
2, 3, 19
Let o(r) be the third derivative of r**5/60 + r**4/3 + 10*r**3/3 - 11*r**2. Let w be o(-11). Let y = w + -45. List the prime factors of y.
2
Let n = 49453 - 4471. What are the prime factors of n?
2, 3, 7, 17
List the prime factors of (-5*24/(-80) + 7842)/(2/4).
3, 7, 83
Let k = 58 + -55. Let q = k - 0. Suppose -i + c = -175, -q*i + 294 + 243 = c. List the prime factors of i.
2, 89
Let z = -135 + 135. Suppose z = -2*s + 2*g + 468, 4*s + g - 152 = 769. List the prime factors of s.
3, 7, 11
Suppose 11*g - 35 = 6*g. Suppose 17 = -g*c + 577. Suppose -5 - c = -q + 4*n, 3*n - 435 = -4*q. What are the prime factors of q?
3, 5, 7
Suppose 10 = 3*j - x, 0 = 5*j - 4*j - x - 2. List the prime factors of ((-124)/(-6) - j)/(1/15).
2, 5
Let k(v) = 3*v + 14. Let u be k(-4). Suppose 4*n + n - 940 = u*i, 0 = -4*i. Let o = 355 - n. What are the prime factors of o?
167
Let d = 30 + -20. Suppose 40*g + 2*w = 45*g + 172, -2*g = 5*w + 63. Let a = d - g. What are the prime factors of a?
2, 11
Suppose 5*b + 24007 = 3*d - 6079, 3*d - 30046 = -5*b. What are the prime factors of d?
2, 5011
Suppose 3*f - 12 = 5*f. What are the prime factors of -10 - 2859/f - 3/2?
3, 5, 31
What are the prime factors of 543532/16 + 595/140?
3, 5, 151
Let k(p) = -2*p**3 + p**2 - 6*p - 2. Let x(t) = 8*t**3 - 3*t**2 + 18*t + 6. Let v(a) = 7*k(a) + 2*x(a). What are the prime factors of v(5)?
3
Let t = 234 + 566. Let k = t - 334. What are the prime factors of k?
2, 233
Suppose 0 = -131*n + 117*n + 62118. What are the prime factors of n?
3, 17, 29
Suppose 5*y = 5 + 10. Suppose 2*p = -y*p + 35. Let s(l) = 9*l - 17. What are the prime factors of s(p)?
2, 23
Let w(g) = -2*g**3 + 66*g**2 - 4*g + 31. List the prime factors of w(32).
1951
Let b(g) = 4*g - 24. Let c = 114 - 116. Let f(i) = -3*i + 15. Let n be f(c). List the prime factors of b(n).
2, 3, 5
Let a(b) = -96*b**3 - 4*b**2 - 42*b - 215. What are the prime factors of a(-6)?
7, 421
Suppose 2*a - 24925 = -5*j, 2*a + 3*a + 25 = 0. List the prime factors of j.
4987
Let c(g) = 14*g + 147. Suppose 4*f = -l + 37, -l - 19 = f - 44. List the prime factors of c(l).
3, 7
Let p be (-4 - (-20)/6)/(3/9). List the prime factors of (p/4)/((-13)/1378).
53
Let c = 173 + -167. Suppose 5*q - 1551 = -c*q. List the prime factors of q.
3, 47
Let b(s) = -22*s**3 - 9*s**2 + 38*s + 65. What are the prime factors of b(-8)?
3, 43
Let x = 28 - -125. Let w = x - 78. Suppose r - 4*h = 30, -r + 3*h + w = r. List the prime factors of r.
2, 3, 7
Let u(d) = -d**3 - 3*d**2 + 14*d + 36. Let p be u(-8). Let v be (2 + -4)/(4/330). Let l = v + p. What are the prime factors of l?
79
Let z(a) = -2*a + 23. Let x be z(10). Let l(c) = c**3 - 9 + 9*c**2 - 22*c - c**2 + 10*c - x*c. List the prime factors of l(-9).
3, 5
Let k(u) = -13*u**3 + 41*u**2 + 248*u + 43. List the prime factors of k(-8).
41, 179
Let k(a) = 1074*a**2 - 621*a + 2466. What are the prime factors of k(4)?
2, 3, 2861
Let d = 102119 + -53438. What are the prime factors of d?
3, 601
Suppose -2*k - 4*k + 37880 = -16252. What are the prime factors of k?
2, 13, 347
Let i = -85 + 163. Let m = 18 + i. Let w = m + -23. List the prime factors of w.
73
Let w(x) = -x**2 - 12*x - 6. Let u be w(-9). Suppose -22*b + 5 = -u*b. Suppose 0 = 6*a + b*a - 264. What are the prime factors of a?
2, 3
Let j(f) = -3*f**3 - 13*f**2 + 8*f + 5. Let m = 12 + -13. Let d(i) = i**3 - i**2 - i + 1. Let w(n) = m*j(n) - 2*d(n). List the prime factors of w(-15).
83
List the prime factors of 2/(11 + (-59247)/26931*5).
47, 191
Let r = 531 - 523. Let t(c) = 77*c - 83. What are the prime factors of t(r)?
13, 41
Let o(p) = -6*p**3 - 8*p**2 - 5*p - 4. Let n be o(-4). Let k be n + (-24)/(-108) + 58/(-18). Suppose -3*y + k = -175. What are the prime factors of y?
2, 37
Let a(f) = -f**3 - f**2 - 2*f - 9. Suppose -4 = 4*o - 3*o. Let z be a(o). Suppose z*g + 182 = 49*g. What are the prime factors of g?
7, 13
List the prime factors of (-1 - 520648/(-15)) + (1026/(-405))/(-19).
61, 569
Suppose 2*d - 3151 = -0*d - 3*m, -4*m = 2*d - 3148. Suppose -481*y = -485*y + d. What are the prime factors of y?
5, 79
Suppose 3*m + 317327 = 11*m - 64793. List the prime factors of m.
5, 41, 233
Suppose 3 = o - 1. Suppose 0*g - l - 1294 = -o*g, -4*g = -2*l - 1296. List the prime factors of g.
17, 19
Let o(q) = 978*q**2 + 55*q - 203. What are the prime factors of o(4)?
5, 13, 241
Let j(l) = l**3 - 12*l**2 + 36*l + 10. Let g be j(5). Suppose g*o - 6460 = 10*o. List the prime factors of o.
2, 17, 19
Let c = 1063 - -558. Suppose -3*b + c = -5*j, -b - 2*j = -882 + 338. List the prime factors of (-40)/(-60) - b/(-6).
7, 13
Suppose 4*j = -t + 21810, -5*j + 3*t + 3631 + 23623 = 0. What are the prime factor